d o.
13
Let v be ((-56 + 5)/(12/(-16)))/2. Calculate the highest common factor of 272 and v.
34
Let r be (7 - 9)*1*4. Let g(o) = o**2 + 6*o - 11. Let s be g(r). Suppose s*a + 30 = 5*c, -2*c - 4 = -5*a - 22. What is the greatest common divisor of c and 44?
4
Let h = -14 - -23. Let f = h - 16. Let r be ((-6)/(-15))/(f/(-1925)). What is the highest common factor of r and 10?
10
Suppose 0*p - 15 = -3*p, u = 3*p - 12. Suppose 0 = u*z - 55 - 35. What is the highest common divisor of z and 45?
15
Let a be 1*(17 - (1 - 1)). Suppose 5*o - 5*v - 415 = 0, 6 - 2 = 2*v. What is the greatest common divisor of o and a?
17
Let i be 12960/384*8/5. What is the highest common factor of 2646 and i?
54
Suppose 0 = -4*j + 20*j - 3200. Suppose 220 = 7*g - j. Calculate the greatest common divisor of g and 10.
10
Let n(t) = -4*t - 3. Let k be n(-2). Suppose 2*l + 206 = k*p, 5*p = -0*l - l + 197. What is the highest common factor of p and 8?
8
Let y(d) = -d**2 + 38*d - 86. Let z be y(33). Calculate the highest common divisor of z and 395.
79
Suppose 7*u - 239 + 29 = 0. Calculate the greatest common divisor of 40 and u.
10
Let z(p) = 44*p**3 + 3*p**2 - 6*p + 4. Let r be z(1). Calculate the greatest common divisor of r and 1935.
45
Suppose 2*g = -6, 5*q - 117 = 4*g - 0*g. Let r be 8/(-28) - (-216)/q. What is the highest common divisor of r and 50?
10
Suppose 9 = 3*h - 2*j, 5*h - 5 = 3*h + j. Calculate the greatest common factor of 16 and h.
1
Suppose -r - 4 = 4*f + 28, -2*r + 16 = -2*f. Suppose 3*b + 2*b = -3*z - 68, -z + 2*b = 8. Let n = f - z. What is the highest common factor of 2 and n?
2
Let h = -24 + 24. Suppose h = 4*j + j - 175. Let c = -17 + 24. Calculate the greatest common factor of c and j.
7
Let s(o) = -o - 4. Let m be s(-4). Suppose -3*p = k - m*k - 26, -2*p - 4*k = -4. Calculate the highest common divisor of p and 60.
10
Let c be 2/(-4) - (-33)/2. Suppose -5*r + 3*u + 91 = -4*r, 3*r - 238 = 2*u. Suppose -z - 12 = -r. Calculate the highest common factor of z and c.
16
Let n = 7 + -1. Suppose n*m - m = 4*t + 1, 3*m = 3*t. Let f be (-6*m)/(7/(-42)). What is the greatest common factor of f and 18?
18
Let y be (-9 - -12) + (-222)/((-2)/1). Calculate the highest common factor of 6 and y.
6
Let d be -3 + 183/2*(-5 + 7). Let b = d - 112. What is the greatest common divisor of 17 and b?
17
Suppose 22 = 2*a + 4*z, 3*a - 3*z + 0 = -3. Let t(j) = 12*j**2 + 2 + 2 - 4*j**a + 3*j**3. Let h be t(12). What is the highest common factor of h and 1?
1
Suppose -a = -3*v - 283, -36*v + 32*v = -a + 279. Calculate the greatest common divisor of 10 and a.
5
Let s be 4/(-2) + -7 + 20. Suppose 84 = s*j - 7*j. What is the greatest common divisor of j and 3?
3
Let w(h) be the first derivative of h**4/4 - 13*h**3/3 + 9*h**2/2 - 27*h + 15. Let n be w(13). Calculate the highest common factor of 135 and n.
45
Let z be ((10 - -3) + 1)/2. Let p be (28/(-5))/(14/(-35)). Let c = p - z. Calculate the greatest common divisor of 49 and c.
7
Let l be (-8)/44 - (-12108)/44. What is the highest common factor of l and 100?
25
Suppose -5*r - t = 135, -2*r - 48 + 1 = -t. Let w = r + 31. Let m be (-8)/10*(-25)/1. Calculate the highest common divisor of m and w.
5
Let l be 1/3*(-17 + 17). Suppose -o + 10 = -l*o. Let f be (-4)/(-5)*10/4. What is the greatest common divisor of o and f?
2
Suppose 54 = 3*i - 5*c, 3*i + c = 4*c + 48. Suppose 78 = -3*u - 0*u. Let g = u - -169. What is the highest common factor of i and g?
13
Suppose 2*s = 4*g + 128, 9*g - 4*g = -2*s + 119. What is the highest common divisor of 62 and s?
62
Suppose -v + 4*i = -4*v + 173, 4*v - 5*i = 272. Calculate the highest common divisor of 504 and v.
63
Let n be -2*((-1 - -1) + -2). Suppose 0 = a + 1, -n*k + 100 - 17 = -3*a. What is the highest common divisor of 100 and k?
20
Let q = -751 + 1192. Calculate the greatest common divisor of 9 and q.
9
Let y(p) = p**2 + p + 11. Let z be y(0). Calculate the highest common divisor of z and 99.
11
Let o be 4/32*2*3052. Calculate the highest common factor of 7 and o.
7
Suppose 5*h + 41 = 3*x - 0*h, 12 = -3*h. Suppose -5*t + 5*o + 55 = 0, t - 2*o = 2*o + 23. Calculate the highest common factor of x and t.
7
Suppose -5*y + 4*h = -54, -y = 2*y + 3*h - 27. Calculate the highest common factor of y and 670.
10
Let r(m) = -5*m**3 - 141*m**2 - 29*m - 22. Let p be r(-28). Calculate the highest common factor of p and 186.
6
Suppose -29 = a + 2*a - 4*b, a + 3*b - 12 = 0. Let q be (a + 1)/((-1)/4). Calculate the greatest common factor of q and 4.
4
Let j = 5 - 5. Suppose 10 = -5*g, j*x - 5*x - g = -48. Let b be (8/(-6))/(3/(-9)). What is the highest common divisor of b and x?
2
Suppose 4 = 2*a - 16. Let d(w) = w**2 - 8*w + 2. Let g be d(5). Let p = 33 + g. What is the highest common divisor of p and a?
10
Let x = -35 - -56. Let v(a) = 63*a**2 + a + 1. Let u be v(-1). What is the greatest common factor of u and x?
21
Suppose m - 88 = -3*m. Let s be (10/(-3))/(m/(-33)). Suppose 60 = -s*i + 165. Calculate the highest common divisor of i and 231.
21
Suppose -33*w + 11*w + 1870 = 0. Suppose -4*k + 16 = -2*r, 7 = k - r + 2*r. What is the highest common factor of k and w?
5
Suppose 3*g = -5*v + 46, 4*g - 3*v - 17 + 4 = 0. What is the greatest common divisor of 112 and g?
7
Let z(r) = -3*r + 3. Let b(f) = -11 + 3*f + 4*f + 4. Let m(v) = -2*b(v) - 5*z(v). Let s be m(2). What is the highest common factor of 3 and s?
1
Let h = -283 - -290. Calculate the greatest common divisor of h and 7.
7
Suppose 4*f - 2*c - 21 = 21, 0 = -4*f - 3*c + 47. Suppose -5*j + f = 1. Suppose j*k - 9 - 191 = 0. What is the highest common factor of 40 and k?
20
Suppose 8*z = 3*z + 5. Let u be (-10)/65*1 - (-268)/52. Calculate the highest common divisor of z and u.
1
Let w = 88 - 90. Let l be 52/(-6)*3/w. Calculate the highest common factor of l and 13.
13
Let i be 2/6 + 284/12. Let g = -230 - -233. Calculate the greatest common divisor of i and g.
3
Let p(f) = 6*f**2 - 32*f + 119. Let z be p(7). What is the greatest common divisor of z and 14?
7
Let p be -2 + (-3 - -2 - 8). Let j = -8 - p. Suppose x - j*t - 651 = -4*x, x + t = 135. What is the highest common divisor of x and 12?
12
Let w = 25 - 31. Let k = 127 + w. What is the highest common divisor of 11 and k?
11
Suppose -63*v - 65 = -68*v. Calculate the greatest common factor of v and 143.
13
Let o = -63 - -66. What is the greatest common divisor of 84 and o?
3
Suppose -2*r + 76 = -4*c, -r - 4*r + 3*c = -225. What is the greatest common divisor of r and 224?
16
Let g be (-17)/((-238)/2260) + (-6)/14. What is the highest common divisor of 7 and g?
7
Suppose 182 = 6*s + 7*s. Calculate the highest common factor of 1162 and s.
14
Let f(s) = s**2 + 4*s - 12. Let o be f(-10). Let q = -29 + 41. Suppose y - 2*x - 12 = 0, x = 3*y + q - 33. Calculate the highest common factor of o and y.
6
Suppose 0 = -6*y + 3776 - 818. What is the greatest common divisor of 17 and y?
17
Let j be (-760)/114*6/(-5). Let h be (-2)/(-13) + 30866/143. Calculate the greatest common divisor of h and j.
8
Suppose -4*j + 36 = -4. Suppose t - 11 = 8*g - 4*g, 15 = 2*t - g. Let b be -25 + 28 - t*-1. What is the highest common factor of b and j?
10
Let o be (-689)/(-13) + 4/(-8)*10. What is the greatest common factor of 888 and o?
24
Let q be -7 - -4 - 1 - -16. Let b be q/(0/(-5) + 1). What is the greatest common divisor of b and 84?
12
Let m be 408/(-51) - (-302)/1. Calculate the highest common divisor of 168 and m.
42
Suppose 5*b - 52*v + 56*v - 264 = 0, 48 = b - 4*v. What is the greatest common factor of b and 923?
13
Let m(g) = -2*g**2 - 53*g - 62. Let w be m(-25). Suppose -3*b - 1 = -430. What is the highest common factor of b and w?
13
Let l = 130 - 94. Calculate the greatest common factor of 48 and l.
12
Suppose 6*l = l. Let t = l - 0. Suppose t = -3*i + 136 - 1. Calculate the greatest common factor of 5 and i.
5
Let h(f) = -48*f**3 + f**2 - 2*f - 1. Let s be 4 + 0 + 9 + -14. Let k be h(s). What is the highest common factor of 30 and k?
10
Suppose -6*z = -2*z. Suppose 3*y + 297 = 5*m + 2*y, 4*m - 3*y = 231. Suppose -m = -2*c - z*c. What is the highest common factor of c and 75?
15
Suppose 0 = -3*c - 4*c + 56. Let p = c - -6. Calculate the greatest common factor of p and 21.
7
Suppose 183 = -5*j + 243. What is the great